
2, 619, 2797
What are the prime factors of 1109301?
3, 17, 21751
What are the prime factors of 236037?
3, 19, 41, 101
List the prime factors of 754324.
2, 17, 11093
List the prime factors of 776209.
7, 31, 73
List the prime factors of 985710.
2, 3, 5, 11, 29, 103
List the prime factors of 512511.
3, 170837
What are the prime factors of 15747770?
2, 5, 19, 82883
What are the prime factors of 9098578?
2, 2113, 2153
List the prime factors of 4368345.
3, 5, 41, 7103
What are the prime factors of 1299968?
2, 2539
List the prime factors of 2946192.
2, 3, 61379
What are the prime factors of 324697?
324697
What are the prime factors of 33321006?
2, 3, 61, 30347
What are the prime factors of 6763114?
2, 41, 67, 1231
What are the prime factors of 174804?
2, 3, 7, 2081
What are the prime factors of 6162?
2, 3, 13, 79
List the prime factors of 66300.
2, 3, 5, 13, 17
List the prime factors of 4915949.
31, 347, 457
List the prime factors of 2511294.
2, 3, 67, 6247
List the prime factors of 2106419.
7, 17, 31, 571
List the prime factors of 210166.
2, 11, 41, 233
What are the prime factors of 9129413?
23, 396931
List the prime factors of 22826579.
22826579
List the prime factors of 2751456.
2, 3, 28661
List the prime factors of 215095.
5, 43019
List the prime factors of 226396.
2, 56599
List the prime factors of 864690.
2, 3, 5, 19, 37, 41
What are the prime factors of 36119?
19, 1901
List the prime factors of 188106.
2, 3, 107, 293
List the prime factors of 6423275.
5, 256931
What are the prime factors of 13120844?
2, 11, 298201
What are the prime factors of 1653073?
181, 9133
List the prime factors of 23010368.
2, 19, 127, 149
List the prime factors of 14434.
2, 7, 1031
What are the prime factors of 2229018?
2, 3, 11, 33773
What are the prime factors of 1919236?
2, 11, 53, 823
What are the prime factors of 109642?
2, 13, 4217
What are the prime factors of 2868711?
3, 956237
What are the prime factors of 8496?
2, 3, 59
List the prime factors of 355731.
3, 283, 419
List the prime factors of 59268.
2, 3, 11, 449
What are the prime factors of 20272699?
20272699
What are the prime factors of 138501?
3, 11, 1399
What are the prime factors of 2617400?
2, 5, 23, 569
List the prime factors of 18648803.
18648803
List the prime factors of 1942717.
7, 277531
List the prime factors of 381199.
7, 13, 59, 71
List the prime factors of 2433001.
2433001
What are the prime factors of 9795006?
2, 3, 13, 4651
List the prime factors of 10646170.
2, 5, 157, 6781
List the prime factors of 402586.
2, 101, 1993
List the prime factors of 31030.
2, 5, 29, 107
What are the prime factors of 326400?
2, 3, 5, 17
List the prime factors of 1209895.
5, 241979
What are the prime factors of 216759?
3, 72253
What are the prime factors of 9336074?
2, 11, 43, 71, 139
What are the prime factors of 1130490?
2, 3, 5, 53, 79
What are the prime factors of 575620?
2, 5, 17, 1693
List the prime factors of 1969110.
2, 3, 5, 11, 13, 17
List the prime factors of 3536677.
1693, 2089
List the prime factors of 116421.
3, 151, 257
What are the prime factors of 543898?
2, 17, 941
What are the prime factors of 1484630?
2, 5, 7, 127, 167
What are the prime factors of 178782?
2, 3, 83, 359
List the prime factors of 323137.
323137
List the prime factors of 10670913.
3, 11, 19, 31, 61
What are the prime factors of 262361?
11, 17, 23, 61
What are the prime factors of 1825647?
3, 17, 35797
List the prime factors of 1665314.
2, 7, 16993
What are the prime factors of 182658?
2, 3, 7, 4349
List the prime factors of 30139714.
2, 11, 173, 7919
What are the prime factors of 842106?
2, 3, 140351
List the prime factors of 165200.
2, 5, 7, 59
What are the prime factors of 561358?
2, 7, 101, 397
List the prime factors of 14668.
2, 19, 193
List the prime factors of 347828.
2, 13, 6689
List the prime factors of 10384055.
5, 11, 188801
What are the prime factors of 9071237?
7, 43, 30137
List the prime factors of 7575198.
2, 3, 281, 4493
List the prime factors of 1437638.
2, 23, 31253
What are the prime factors of 270078?
2, 3, 45013
List the prime factors of 73843.
7, 11, 137
What are the prime factors of 30964653?
3, 67, 17117
List the prime factors of 282032.
2, 17627
List the prime factors of 252556.
2, 103, 613
List the prime factors of 599942.
2, 7, 42853
What are the prime factors of 1041907?
1041907
List the prime factors of 91085.
5, 18217
What are the prime factors of 2734290?
2, 3, 5, 13, 19, 41
What are the prime factors of 203075?
5, 8123
List the prime factors of 5431762.
2, 7, 41, 9463
List the prime factors of 9615711.
3, 7, 65413
What are the prime factors of 2036094?
2, 3, 137, 2477
What are the prime factors of 107153?
83, 1291
List the prime factors of 13396482.
2, 3, 11, 19, 1187
What are the prime factors of 229062?
2, 3, 38177
List the prime factors of 229061.
7, 43, 761
List the prime factors of 230171.
337, 683
List the prime factors of 4163781.
3, 1387927
What are the prime factors of 6579905?
5, 31, 42451
What are the prime factors of 688048?
2, 43003
List the prime factors of 41197.
13, 3169
What are the prime factors of 986410?
2, 5, 98641
List the prime factors of 889866.
2, 3, 1831
What are the prime factors of 537790?
2, 5, 11, 4889
List the prime factors of 319028.
2, 79757
What are the prime factors of 40968431?
7, 269, 21757
What are the prime factors of 3216100?
2, 5, 29, 1109
List the prime factors of 6384142.
2, 73, 599
List the prime factors of 27006851.
27006851
List the prime factors of 109289.
293, 373
List the prime factors of 359390.
2, 5, 83, 433
What are the prime factors of 361279?
361279
What are the prime factors of 24502855?
5, 13, 173, 2179
List the prime factors of 1920220.
2, 5, 67, 1433
What are the prime factors of 1384946?
2, 569, 1217
What are the prime factors of 57195?
3, 5, 31, 41
What are the prime factors of 227174?
2, 97, 1171
What are the prime factors of 349953?
3, 157, 743
What are the prime factors of 48918?
2, 3, 31, 263
What are the prime factors of 1880630?
2, 5, 61, 3083
List the prime factors of 241237.
317, 761
What are the prime factors of 3425848?
2, 428231
List the prime factors of 32312018.
2, 41, 394049
What are the prime factors of 9233343?
3, 7, 113, 1297
What are the prime factors of 162091?
162091
What are the prime factors of 29998005?
3, 5, 1999867
What are the prime factors of 1278867?
3, 149, 2861
List the prime factors of 606092.
2, 151523
What are the prime factors of 2567026?
2, 7, 11, 79, 211
What are the prime factors of 170770?
2, 5, 17077
What are the prime factors of 2107327?
2107327
List the prime factors of 10612576.
2, 13, 97, 263
List the prime factors of 314494.
2, 157247
What are the prime factors of 366190?
2, 5, 11, 3329
List the prime factors of 89069.
89069
List the prime factors of 8255037.
3, 7, 393097
What are the prime factors of 3777645?
3, 5, 251843
What are the prime factors of 226807?
7, 32401
List the prime factors of 1882191.
3, 83, 7559
List the prime factors of 272323.
17, 83, 193
List the prime factors of 37544.
2, 13, 19
List the prime factors of 2465838.
2, 3, 136991
List the prime factors of 7425419.
37, 101, 1987
List the prime factors of 282373.
7, 13, 29, 107
What are the prime factors of 3726621?
3, 17, 23, 353
What are the prime factors of 1334458?
2, 667229
List the prime factors of 7034528.
2, 219829
List the prime factors of 362961.
3, 4481
What are the prime factors of 196618?
2, 37, 2657
List the prime factors of 7544098.
2, 31, 271, 449
List the prime factors of 4885228.
2, 31, 39397
List the prime factors of 115638.
2, 3, 19273
What are the prime factors of 2657791?
53, 50147
What are the prime factors of 8010275?
5, 7, 13, 503
List the prime factors of 1683742.
2, 19, 59, 751
List the prime factors of 16322108.
2, 11, 17, 21821
What are the prime factors of 136660?
2, 5, 6833
What are the prime factors of 19781474?
2, 9890737
List the prime factors of 290059.
7, 11, 3767
What are the prime factors of 19944087?
3, 983, 6763
What are the prime factors of 272405?
5, 7, 43, 181
What are the prime factors of 2801879?
1049, 2671
What are the prime factors of 105980?
2, 5, 7, 757
What are the prime factors of 7348966?
2, 307, 11969
List the prime factors of 395135.
5, 13, 6079
What are the prime factor